1
What is the value of 0 - (-4 - (-10 + 7) - -10)?
-9
(-4 + 0 - 1) + (8 - 9)
-6
-80 + 76 - (1 + -6)
1
What is (-1 - -7 - (1 + 2)) + -3?
0
What is -8 + 4 - 2 - (-6 - 1)?
1
Calculate -1 + -2 + 8 + -4 - 2.
-1
Calculate 2 - ((2 - 3) + -4 - -2).
5
What is 0 + (-3 + 4 - -5)?
6
Calculate 2 + 2 - (1 - -1 - 0).
2
What is the value of (21 - 27) + (3 - -3)?
0
Evaluate (-6 - (-7 - -6) - 4) + 6.
-3
-6 + 2 - (0 - 3)
-1
Evaluate 3 + -2 + 3 + -4 + 9.
9
What is 1 - -8 - (12 + 1)?
-4
-6 + 7 - (-7 - -9)
-1
Calculate 3 + -1 + 10 + -7 + 0.
5
What is (-2 - (4 - 5)) + 4?
3
Evaluate -7 - -3 - (2 - 8) - 1.
1
Calculate -3 - (18 + -26 + (2 - -2)).
1
What is the value of -6 + (10 - 16) + 10?
-2
What is -5 + 10 + -2 + 3?
6
What is -1 + 3 + 5 + -2?
5
Calculate -5 + (13 - 6 - 6 - -6).
2
(72 - 80) + 7 + 1
0
What is the value of 17 + -23 - (-9 - 2 - 0)?
5
-14 - -4 - (-3 + -5)
-2
Calculate -7 + 4 - (-10 + 5).
2
Calculate 13 + -10 - (-2 - 0).
5
Evaluate -8 + 14 + 10 - 12.
4
What is -3 + 1 - (-3 + -1 - 1)?
3
Evaluate -8 + 5 - ((1 - 1) + -8).
5
(-180 - -176) + (5 - 1)
0
-1 - (0 + -1) - (-1 - 4)
5
Evaluate 9 - 2 - 4 - 5.
-2
What is 6 + 1 + -16 + 6?
-3
Evaluate 13 + 3 + (-8 - 3) - 7.
-2
Evaluate 9 - (2 + -8 + 8).
7
-167 + 188 - (12 + 0)
9
What is the value of -2 + 5 + (-12 - -6) + -1?
-4
Evaluate -2 + (1 - (-1 + -3 + 3)).
0
Evaluate (-6 - (9 - 8)) + 4.
-3
-1 + 4 + -2 + 1
2
(4 - 0) + 4 + -6
2
What is 1 - (-2 - -5) - 0?
-2
What is the value of -8 - (-5 - ((0 - -3) + -4))?
-4
What is the value of 2 - (14 + 1 - 4 - 5)?
-4
What is the value of 4 + -4 - (2 - -7 - 4)?
-5
What is 1 - ((-6 + 2 - -3) + -7)?
9
Evaluate 1 + 0 - -4 - 0.
5
(18 - 14) + -1 + -4
-1
Calculate -1 + 6 + 11 + 0 + -9.
7
2 + -3 + 4 + -8
-5
What is 3 + (3 - (-2 + (2 - -1)))?
5
What is 2 - (-2 + 0) - (-2 + 1)?
5
4 - (13 - 2) - -4
-3
What is (-8 - -10 - 0) + 2?
4
Calculate (-3 - (-5 - (-3 + 3))) + 1.
3
Calculate -2 - ((6 - 1) + -5).
-2
What is (7 - (-4 - -6)) + -4?
1
Evaluate 2 - -2 - (6 + -3) - -3.
4
What is the value of (0 - (-4 - -3)) + (-1 - 1)?
-1
What is the value of -2 - (14 + -6 + -3)?
-7
What is (-1 - -2) + (4 - 6 - -6)?
5
What is -7 - (-9 - (-6 - -10))?
6
-2 - (-4 - (-3 + 7 + -8))
-2
-28 - -25 - (2 - (4 + 1))
0
What is (-3 - -2) + (-1 - 3) - -1?
-4
-7 - (0 + -6 - -2 - -2)
-5
Calculate (2 - -5) + -2 - (36 + -31).
0
-12 - (-7 - -11 - 10)
-6
(1 + -4 - -3) + 4
4
-2 - (-6 + 0) - 5
-1
What is the value of -10 + 3 + 6 + -5 + 5?
-1
Evaluate 2 - -3 - (-7 - (0 + -4)).
8
Calculate (-14 - -9) + 5 - -5.
5
Evaluate 0 + -12 + 12 + -11.
-11
What is -1 - (2 - -2) - (-62 - -59)?
-2
Calculate 141 - 147 - (-1 + -8).
3
Calculate -1 + (1 + (-8 - -5) - -6).
3
Evaluate (-16 - -9) + (-3 + 4 - -11).
5
Calculate 8 + (-1 + -3 - (-5 - -5)).
4
Calculate 1 + 0 + -3 - (7 - 7).
-2
Evaluate -4 + -6 + -4 - (-5 + -1).
-8
Evaluate -3 + -3 + -3 + 4.
-5
What is -3 + 1 + -3 + -4 + 5?
-4
-5 - (0 + (1 - 6))
0
Evaluate (1 - -5) + -4 + 1.
3
Calculate -5 + (17 - 5 - 4).
3
Evaluate 4 + -4 + -1 + -3 - -3.
-1
Calculate 24 + -10 + -14 + -3.
-3
-1 + 4 - (4 + -5)
4
Calculate 0 - (-2 + 5 + -7) - 2.
2
What is 0 + 1 + 7 - (-143 + 148)?
3
Evaluate 13 + (6 + (0 - 4) - 7).
8
Evaluate 9 + -14 + (4 - (3 - 0)).
-4
What is the value of 20 + -21 - (0 + -5)?
4
-6 - (-4 - (-4 + 3 + -2))
-5
Calculate -1 + (9 - 0) + -6 + -3.
-1
Calculate -4 - (0 + -2) - -5.
3
What is the value of 2 - (4 + -5 + (-1 - -3))?
1
What is -5 - -3 - (-7 - -1)?
4
3 - (11 - (-1 + 5) - 7)
3
What is 3 + (-2 - (0 - (2 + -2)))?
1
Evaluate 2 + 2 + 1 + -4.
1
2 - (-8 + 4 + 2 + 4)
0
-1 + (1 - (-1 + -3))
4
What is (0 - (-1 - (-9 - -4))) + 7?
3
(11 - 9 - -3) + 0 + 5
10
What is the value of -14 - -11 - (-13 - -4)?
6
What is -3 - (2 - 1) - (-68 - -63)?
1
Calculate (2 - -2) + -8 - 4 - -3.
-5
What is the value of -18 + 11 + 14 + -2?
5
-1 - 4 - (2 - 0) - 0
-7
What is the value of -2 - -10 - ((25 - 4) + -12)?
-1
Evaluate 2 + -1 + -12 + 30 + -25.
-6
Calculate 3 - (1 - (-1 - -3) - -4).
0
Evaluate -6 - -3 - (-2 + 4 - 12).
7
What is the value of (-8 - 2) + 28 + -24 + 11?
5
Calculate -2 + (-6 + 13 - 5).
0
Evaluate 6 + -13 + (4 - 1).
-4
Calculate -2 + 1 - (8 + -3 + -6).
0
Evaluate -2 + (3 - 4) + 0 + 1.
-2
What is the value of 7 + ((5 - 2) + -6 - 0)?
4
Calculate 1 - (4 - (-3 + 2) - 3).
-1
Calculate (-12 - -5) + (-4 + 2 - -6).
-3
Calculate -4 - -7 - (-4 - -2).
5
What is the value of 27 + -29 + (-3 - (-1 + 1))?
-5
What is the value of -3 + 1 + 3 + -2 - -3?
2
Calculate -4 + 3 - (0 + -1).
0
What is the value of 11 + -6 - (8 + 1)?
-4
(-25 - -30) + (-1 - -1) + -6
-1
Calculate 7 + (-3 - 0) + -2 + -1.
1
Calculate 0 - (-3 - 1) - 8.
-4
Evaluate 4 + (2 - 2) - (3 + 5).
-4
Calculate -1 + -2 - (-2 - -7 - 3).
-5
What is 10 + -8 + (-5 - -4)?
1
-78 + 91 + (-9 - 2)
2
Evaluate 4 + 2 + (4 - 1) + -7.
2
What is -8 - -6 - (3 + 1)?
-6
Evaluate 0 - (3 + -1 - (-10 + 17)).
5
What is the value of -6 - 1 - -3 - (-11 + 9)?
-2
-12 + 5 + -2 + 11
2
What is (0 - 4 - (-5 + 3)) + 3?
1
Evaluate -12 + 9 + (-10 - -16).
3
What is -1 + 0 + -56 + 49?
-8
What is the value of -4 - ((15 - 14) + -2 + 2)?
-5
-16 - (-7 + (-7 - -8))
-10
What is 5 - (5 + (10 - 5))?
-5
15 - -1 - (23 + -13)
6
8 + -4 - 6 - -3
1
What is the value of -2 + 7 + (-5 - 5 - -7)?
2
Calculate -26 + 24 + (6 - -1).
5
What is the value of -2 + 2 + 1 - 7?
-6
Evaluate -2 + 0 + 0 + 13 + -11.
0
What is 2 - (-16 - -13) - (0 + 7)?
-2
Calculate -6 - (1 + 4 + -16) - 9.
-4
What is the value of 4 - 3 - (2 - (4 + -2))?
1
Calculate -8 + 3 + 0 + 0.
-5
What is -6 - (0 - (4 + 0))?
-2
Evaluate 39 - 19 - 15 - (8 + -1).
-2
What is -9 + (-2 - (-6 + -1))?
-4
What is the value of -398 + 401 - ((1 - 0) + 10)?
-8
Evaluate -3 - -2 - 5 - (27 + -26).
-7
Calculate -6 + 0 + 13 - 13.
-6
Evaluate (1 + -5 - -7) + -5.
-2
Calculate 5 + (-4 - (5 + 1)).
-5
Evaluate 6 + 6 + 0 + -6.
6
What is the value of 7 - (-6 + (-12 - -18))?
7
-4 + (2 - -1 - 3)
-4
Calculate (-8 - 0) + -12 + 13 + 7.
0
Calculate (-8 - -5) + 3 + -2.
-2
-1 + 2 + -5 + 4 - -2
2
Evaluate 4 - ((0 - 0) + 9).
-5
What is (0 - -7) + -8 - 3?
-4
What is (15 - (-4 + 4)) + -8?
7
What is (2 - -1) + 26 + (-19 - 7)?
3
-10 + -6 + 8 - -5
-3
Evaluate (-3 - 0) + -1 - -2.
-2
What is 0 - 5 - -7 - 9?
-7
What is 5 - (-2 - (6 + -1 + -11))?
1
(-2 - (0 - -1 - 5)) + -2
0
What is -6 - (-10 - -8) - (0 - 0)?
-4
Calculate (-8 - (-3 - 0)) + (5 - 2).
-2
Evaluate (-4 - (0 + -2)) + -16 + 21.
3
6 + -10 + (0 - 2) + 8
2
What is -3 + -7 - (1 - 19)?
8
What is 0 + 6 + (-6 - (-12 - -8))?
4
What is 7 + -1 + 2 + -3?
5
What is 6 - (-6 - -15) - -5?
2
Evaluate -11 + 10 - -12 - 4.
7
What is the value of 6 + -2 + (30 - 40)?
-6
What is the value of 4 + 10 + -7 + -6?
1
What is the value of 0 - 3 - (-9 + -14 - -15)?
5
What is the value of 3 - ((1 - 1) + -1)?
4
What is the value of (-2 - (2 + -7)) + (-8 - -8)?
3
What is the value of (-14 - -5 - -8) + 8?
7
What is -1 + 7 + -6 + 1?
1
What is the value of 0 - 0 - 0 - (-10 - -7)?
3
(1 - -2) + 34 + -36
1
Evaluate 3 + 5 - (67 - 56).
-3
What is (8 - 2) + 5 - 1?
10
Calculate -1 + (-1 + -2 + 3 - -1).
0
Evaluate 11 + (-3 - ((-7 - -5) + 5)).
5
Evaluate (4 - 3) + -8 + 2.
-5
Calculate 3 + 8 + -22 - -20.
9
What is the value of 0 + -6 + 15 + -16?
-7
Evaluate -6 - (1 + 2 - 5).
-4
What is the value of -5 + (1 - -6 - 5)?
-3
Evaluate 1 + 0 - (8 - (-2 - -12)).
3
Calculate 0 + -7 + (-22 - -27).
-2
-22 - (8 - 18 - 2)
-10
What is the value of -3 + 0 + 7 + (-7 - -3)?
0
Evaluate 8 - (-3 - (-5 + -4)) - 0.
2
Evaluate 4 - (2 + -2) - (-41 - -49).
-4
Calculate -4 + 4 + -8 + 0 + 3.
-5
What is the value of 9 + -1 + (7 + -9 - 3)?
3
What is the value of (-4 - -1) + -1 + -6 + 11?
1
Evaluate -3 - (-6 - -3) - (7 - 2).
-5
What is the value of -3 - ((-9 - 6) + 10)?
2
Calculate 4 - ((-1 - -2) + -1).
4
What is the value of -1 + -3 - (-11 + 11 + 0)?
-4
(1 + 1 - 0) + -1
1
5 + -12 + -3 + 6
-4
What is (0 - -1) + (-1 - 2) + 2?
0
Evaluate -4 + (0 - (-3 + 1 + 0)).
-2
-10 + -2 + 1 - -6
-5
Evaluate 14 + 12 + -17 + -2.
7
-12 + 8 + (2 - -4)
2
Calculate 5 - 3 - (-1 - -1 - 0).
2
What is -1 + (-4 - -2) + -2?
-5
What is the value of (3 - 2) + (4 - 2 - 4)?
-1
What is the value of (9 - (2 - -2)) + -18 + 5?
-8
-5 + (-9 + 3 - -10 - 5)
-6
What is -2 + 6 + -2 + 3?
5
What is the value of -5 + 0 + 1 + 4?
0
-2 + 0 + (-41 - -48)
5
Calculate 1 + 2 + 24 + -28.
-1
-19 - -27 - (0 - -16)
-8
What is the value of -4 - (2 + -8 + (-1 - 1))?
4
-6 - 